igit of 162293988?
2
What is the hundreds digit of 251773699?
6
What is the ten millions digit of 24178674?
2
What is the hundred millions digit of 1327919236?
3
What is the millions digit of 12359791?
2
What is the ten millions digit of 2186800057?
8
What is the hundred millions digit of 517731306?
5
What is the ten thousands digit of 3069338446?
3
What is the millions digit of 71091646?
1
What is the hundreds digit of 21664729?
7
What is the hundred millions digit of 2983127615?
9
What is the hundreds digit of 32732632?
6
What is the thousands digit of 2495802956?
2
What is the millions digit of 631120097?
1
What is the millions digit of 51465374?
1
What is the thousands digit of 168281815?
1
What is the hundred millions digit of 327367820?
3
What is the hundred millions digit of 199238124?
1
What is the ten millions digit of 1337154581?
3
What is the hundreds digit of 601060775?
7
What is the millions digit of 11168752?
1
What is the tens digit of 3679678141?
4
What is the hundred millions digit of 899787004?
8
What is the millions digit of 93748982?
3
What is the hundred millions digit of 224619043?
2
What is the ten millions digit of 203280893?
0
What is the tens digit of 194348663?
6
What is the millions digit of 31547204?
1
What is the hundreds digit of 40702690?
6
What is the billions digit of 1230670499?
1
What is the hundred thousands digit of 33242821?
2
What is the hundred thousands digit of 7183978651?
9
What is the ten thousands digit of 2174716227?
1
What is the ten thousands digit of 9784064?
8
What is the billions digit of 2754040318?
2
What is the hundred thousands digit of 1739774627?
7
What is the ten thousands digit of 69319069?
1
What is the thousands digit of 158791646?
1
What is the hundred thousands digit of 1152459130?
4
What is the ten thousands digit of 40169723?
6
What is the thousands digit of 29330121?
0
What is the hundreds digit of 361114852?
8
What is the thousands digit of 121657395?
7
What is the hundred millions digit of 375979886?
3
What is the thousands digit of 210009952?
9
What is the hundred thousands digit of 66494714?
4
What is the millions digit of 409947919?
9
What is the hundreds digit of 2954525541?
5
What is the hundred thousands digit of 808831?
8
What is the thousands digit of 370403540?
3
What is the millions digit of 7188246226?
8
What is the tens digit of 15323656?
5
What is the hundred thousands digit of 100911551?
9
What is the thousands digit of 145504759?
4
What is the hundreds digit of 6176474145?
1
What is the thousands digit of 185062322?
2
What is the hundreds digit of 30772472?
4
What is the tens digit of 158993305?
0
What is the ten millions digit of 283857628?
8
What is the ten millions digit of 3051066536?
5
What is the thousands digit of 1391174182?
4
What is the thousands digit of 86952401?
2
What is the tens digit of 49837374?
7
What is the units digit of 3391522141?
1
What is the ten millions digit of 4056652374?
5
What is the tens digit of 2900659398?
9
What is the hundred thousands digit of 830357318?
3
What is the hundred thousands digit of 1672235141?
2
What is the hundred thousands digit of 412630203?
6
What is the tens digit of 62060618?
1
What is the hundreds digit of 1217653858?
8
What is the millions digit of 17043135?
7
What is the ten thousands digit of 20832469?
3
What is the ten thousands digit of 43719183?
1
What is the ten millions digit of 1101916588?
0
What is the tens digit of 344695917?
1
What is the thousands digit of 1759653053?
3
What is the units digit of 2990566445?
5
What is the tens digit of 94062224?
2
What is the ten millions digit of 20617572?
2
What is the ten millions digit of 817023868?
1
What is the hundreds digit of 6514117653?
6
What is the units digit of 23197582?
2
What is the hundred thousands digit of 82475738?
4
What is the tens digit of 552152989?
8
What is the ten thousands digit of 210896344?
9
What is the thousands digit of 303943209?
3
What is the ten millions digit of 296711555?
9
What is the units digit of 302652430?
0
What is the hundred thousands digit of 2971765579?
7
What is the hundred thousands digit of 1125793917?
7
What is the millions digit of 4740572291?
0
What is the hundred millions digit of 431171802?
4
What is the units digit of 711017?
7
What is the hundred millions digit of 3339139312?
3
What is the units digit of 195865695?
5
What is the ten millions digit of 43998586?
4
What is the ten millions digit of 5157652518?
5
What is the hundred millions digit of 180332951?
1
What is the hundred millions digit of 160579763?
1
What is the tens digit of 282438843?
4
What is the tens digit of 1435648148?
4
What is the tens digit of 1219995416?
1
What is the tens digit of 19486134?
3
What is the ten millions digit of 34416153?
3
What is the ten thousands digit of 565858932?
5
What is the thousands digit of 206672584?
2
What is the thousands digit of 2176978926?
8
What is the ten thousands digit of 244494835?
9
What is the tens digit of 514614327?
2
What is the hundred millions digit of 252251954?
2
What is the hundred millions digit of 1591538331?
5
What is the ten thousands digit of 42767458?
6
What is the units digit of 180330457?
7
What is the ten millions digit of 407729444?
0
What is the millions digit of 10135903?
0
What is the hundred millions digit of 127730812?
1
What is the units digit of 162947375?
5
What is the units digit of 5387807362?
2
What is the millions digit of 5366651838?
6
What is the hundreds digit of 14294495?
4
What is the hundred thousands digit of 30667771?
6
What is the hundreds digit of 32394044?
0
What is the hundreds digit of 61092373?
3
What is the ten thousands digit of 2970250893?
5
What is the hundred thousands digit of 8222682?
2
What is the units digit of 2562184332?
2
What is the billions digit of 6068083440?
6
What is the thousands digit of 30847926?
7
What is the hundred millions digit of 1794349300?
7
What is the millions digit of 162186078?
2
What is the ten thousands digit of 243915862?
1
What is the hundreds digit of 23628354?
3
What is the hundreds digit of 612000485?
4
What is the units digit of 34464416?
6
What is the hundred thousands digit of 711644874?
6
What is the millions digit of 188505686?
8
What is the hundred thousands digit of 48759447?
7
What is the ten millions digit of 486525827?
8
What is the ten thousands digit of 116020056?
2
What is the hundred millions digit of 229232432?
2
What is the thousands digit of 98844620?
4
What is the ten thousands digit of 410103529?
0
What is the hundred thousands digit of 960146240?
1
What is the hundreds digit of 53118234?
2
What is the thousands digit of 3324122802?
2
What is the hundred thousands digit of 565371131?
3
What is the thousands digit of 160213047?
3
What is the thousands digit of 16211800?
1
What is the millions digit of 41824295?
1
What is the hundred thousands digit of 434121558?
1
What is the hundreds digit of 18960116?
1
What is the tens digit of 383541343?
4
What is the millions digit of 21759201?
1
What is the hundred millions digit of 143678146?
1
What is the hundred millions digit of 1286175536?
2
What is the units digit of 289433291?
1
What is the hundred thousands digit of 82528773?
5
What is the tens digit of 1060264746?
4
What is the units digit of 279388398?
8
What is the thousands digit of 284881925?
1
What is the hundreds digit of 238865808?
8
What is the thousands digit of 796198802?
8
What is the millions digit of 70589496?
0
What is the units digit of 212386613?
3
What is the ten thousands digit of 833812318?
1
What is the tens digit of 1344260028?
2
What is the millions digit of 28390051?
8
What is the thousands digit of 56969075?
9
What is the thousands digit of 3065661574?
1
What is the hundreds digit of 468142271?
2
What is the ten thousands digit of 1213209754?
0
What is the hundred thousands digit of 2303218727?
2
What is the ten thousands digit of 79923197?
2
What is the thousands digit of 102957684?
7
What is the hundred thousands digit of 807718862?
7
What is the thousands digit of 111702202?
2
What is the millions digit of 311382677?
1
What is the ten thousands digit of 1940413658?
1
What is the ten millions digit of 4332855974?
3
What is the hundred thousands digit of 650454568?
4
